{"id":12,"date":"2013-09-16T17:58:23","date_gmt":"2013-09-16T15:58:23","guid":{"rendered":"http:\/\/www.overdose-berlin.de\/?page_id=12"},"modified":"2013-09-18T09:45:35","modified_gmt":"2013-09-18T07:45:35","slug":"details","status":"publish","type":"page","link":"https:\/\/www.overdose-berlin.de\/?page_id=12","title":{"rendered":"details"},"content":{"rendered":"<p><strong><span style=\"font-family: Helvetica, Geneva, Arial, SunSans-Regular, sans-serif;\">Technik und Dimensionen<\/span><\/strong><\/p>\n<p><span style=\"font-family: Georgia, 'Times New Roman', Times, serif;\">Die overdose ist als Objekt f\u00fcr den Au\u00dfenraum konzipiert und setzt in G\u00e4rten und H\u00f6fen farbige Akzente und Lichtpunkte. Sie besteht aus einer mit einem Motiv der \u201eoverdose\u201c-Serie bedruckten R\u00f6hre im Format 40 cm \u00f8 x 80 cm, einer integrierten Leuchte mit energieeffizientem Leuchtmittel, einer transluzenten Acrylscheibe sowie einem schr\u00e4g aufgestellten Deckel aus Aluminiumblech, der ein ausgeschnittenes (Schrift)zeichen tragen kann. Die Motive sind in ihrer Auflage auf wenige Exemplare limitiert. Die Umsetzung in gr\u00f6\u00dferen Dimensionen ist in der Planung. Das Material ist lichtecht und wetterfest und somit f\u00fcr den Aussenbereich geeignet.<\/span><\/p>\n","protected":false},"excerpt":{"rendered":"<p>Technik und Dimensionen Die overdose ist als Objekt f\u00fcr den Au\u00dfenraum konzipiert und setzt in G\u00e4rten und H\u00f6fen farbige Akzente und Lichtpunkte. Sie besteht aus einer mit einem Motiv der \u201eoverdose\u201c-Serie bedruckten R\u00f6hre im Format 40 cm \u00f8 x 80 cm, einer integrierten Leuchte mit energieeffizientem Leuchtmittel, einer transluzenten Acrylscheibe sowie einem schr\u00e4g aufgestellten Deckel [&hellip;]<\/p>\n","protected":false},"author":1,"featured_media":0,"parent":0,"menu_order":0,"comment_status":"closed","ping_status":"closed","template":"full-width.php","meta":{"footnotes":""},"class_list":["post-12","page","type-page","status-publish","hentry"],"_links":{"self":[{"href":"https:\/\/www.overdose-berlin.de\/index.php?rest_route=\/wp\/v2\/pages\/12","targetHints":{"allow":["GET"]}}],"collection":[{"href":"https:\/\/www.overdose-berlin.de\/index.php?rest_route=\/wp\/v2\/pages"}],"about":[{"href":"https:\/\/www.overdose-berlin.de\/index.php?rest_route=\/wp\/v2\/types\/page"}],"author":[{"embeddable":true,"href":"https:\/\/www.overdose-berlin.de\/index.php?rest_route=\/wp\/v2\/users\/1"}],"replies":[{"embeddable":true,"href":"https:\/\/www.overdose-berlin.de\/index.php?rest_route=%2Fwp%2Fv2%2Fcomments&post=12"}],"version-history":[{"count":6,"href":"https:\/\/www.overdose-berlin.de\/index.php?rest_route=\/wp\/v2\/pages\/12\/revisions"}],"predecessor-version":[{"id":145,"href":"https:\/\/www.overdose-berlin.de\/index.php?rest_route=\/wp\/v2\/pages\/12\/revisions\/145"}],"wp:attachment":[{"href":"https:\/\/www.overdose-berlin.de\/index.php?rest_route=%2Fwp%2Fv2%2Fmedia&parent=12"}],"curies":[{"name":"wp","href":"https:\/\/api.w.org\/{rel}","templated":true}]}}